-- phpMyAdmin SQL Dump
-- version 5.2.1
-- https://www.phpmyadmin.net/
--
-- Servidor: localhost:3306
-- Tiempo de generación: 03-10-2024 a las 14:58:50
-- Versión del servidor: 10.6.19-MariaDB-cll-lve-log
-- Versión de PHP: 8.1.28

SET SQL_MODE = "NO_AUTO_VALUE_ON_ZERO";
START TRANSACTION;
SET time_zone = "+00:00";


/*!40101 SET @OLD_CHARACTER_SET_CLIENT=@@CHARACTER_SET_CLIENT */;
/*!40101 SET @OLD_CHARACTER_SET_RESULTS=@@CHARACTER_SET_RESULTS */;
/*!40101 SET @OLD_COLLATION_CONNECTION=@@COLLATION_CONNECTION */;
/*!40101 SET NAMES utf8mb4 */;

--
-- Base de datos: `yussme_cetis`
--

-- --------------------------------------------------------

--
-- Estructura de tabla para la tabla `Jugador`
--

CREATE TABLE `Jugador` (
  `id_jugador` int(11) NOT NULL,
  `nombre` varchar(255) DEFAULT NULL
) ENGINE=MyISAM DEFAULT CHARSET=latin1 COLLATE=latin1_swedish_ci;

--
-- Volcado de datos para la tabla `Jugador`
--

INSERT INTO `Jugador` (`id_jugador`, `nombre`) VALUES
(153, 'Jesus'),
(154, 'Diana America'),
(155, 'Ana Monica'),
(156, 'Christian David'),
(157, 'Angeles Jarely'),
(158, 'Yoel Alberto'),
(159, 'Christopher Alexander'),
(160, 'Dulce Jimena'),
(161, 'Jonathan Miguel'),
(162, 'Fernanda'),
(163, 'Jos? Antonio'),
(164, 'Julia Melanie'),
(165, 'Alejandro David'),
(166, 'Naomi'),
(167, 'Cristian Aaron'),
(168, 'Allison Tare'),
(169, 'Mia Guadalupe'),
(170, 'Arlett Yemina'),
(171, 'Ivan Uriel'),
(172, 'Flor Anahi'),
(173, 'V?ctor Emmanuel'),
(174, 'Allison'),
(175, 'Diego Alejandro'),
(176, 'Jes?s Arturo'),
(177, 'Ariel Andrew'),
(178, 'Marco Antonio'),
(179, 'Raul'),
(180, 'Julio Cesar'),
(181, 'Agustin'),
(182, 'Omar'),
(183, 'Crhistian Alexis'),
(184, 'Maria Fernanda'),
(185, 'Johann Haziel'),
(186, 'Paola Yasmin'),
(187, 'Yureli'),
(188, 'Gael'),
(189, 'Erika Montserrat'),
(190, 'Angel'),
(191, 'Carlos Michel'),
(192, 'Aline Beatriz'),
(193, 'Juan Carlos'),
(194, 'Brian Ivan'),
(195, 'Alan Ivan'),
(196, 'Arturo Liam Yurem'),
(197, 'Nancy Yoselyn'),
(198, 'Ricardo Jesus'),
(199, 'Jeremy Irving'),
(200, 'Miguel Angel'),
(201, 'Alexa'),
(202, 'Edwin Guadalupe'),
(203, 'Dulce Elena'),
(204, 'Hannia Samantha'),
(205, 'Dennise'),
(206, 'Julia Vanessa'),
(207, 'Lluvia Angelica'),
(208, 'Aline'),
(209, 'Dafne Paola'),
(210, 'Jacqueline'),
(211, 'Ilse Abigail'),
(212, 'Mitzy Karime.'),
(213, 'Gloria Angelica'),
(214, 'Stephanie Valeria'),
(215, 'Kenia'),
(216, 'Joanna Naomi'),
(217, 'Yatziri Naomi'),
(218, 'Itzel Dayana'),
(219, 'Valentina Melissa'),
(220, 'Katherine Dayana'),
(221, 'Dylan Daniel'),
(222, 'Azul Yariutzy'),
(223, 'Lluvia Anel'),
(224, 'Esmeralda'),
(225, 'Ruben Benito'),
(226, 'Helideth Janet'),
(227, 'Imelda'),
(228, 'Azul Danae'),
(229, 'Jimena'),
(230, 'Giovanny'),
(231, 'Karla Dennis'),
(232, 'Elias Arturo'),
(233, 'Alexa Fernanda'),
(234, 'Brisa Ameyaly'),
(235, 'Ingrid Joselyn'),
(236, 'Martha Elena'),
(237, 'Natalie Aide'),
(238, 'Melanie'),
(239, 'Karla Edurne'),
(240, 'Angel Ivan'),
(241, 'Luis David'),
(242, 'Yuriko Lizbeth'),
(243, 'Camila'),
(244, 'Luz Daniela'),
(245, 'Karen De Los Angeles'),
(246, 'Carolina'),
(247, 'Karla Nayzeth'),
(248, 'Ingrid Yacxiri'),
(249, 'Brithany Janet'),
(250, 'Emiliano'),
(251, 'Christian'),
(252, 'Ana Karen'),
(253, 'Manuel Aaron'),
(254, 'Danya Lilian'),
(255, 'Eder'),
(256, 'Diego'),
(257, 'Alexandra'),
(258, 'Ajeleth Naomi'),
(259, 'Zaid Karim'),
(260, 'Marianna Daniela'),
(261, 'Jos? Alfredo'),
(262, 'Valeria Eyuritzi'),
(263, 'Alexis Abraham'),
(264, 'Cesar Alejandro'),
(265, 'Paulo Yamil'),
(266, 'Katia Josiri'),
(267, 'Arturo'),
(268, 'Axel Yoav'),
(269, 'Ingrid Elizabeth'),
(270, 'Aylin'),
(271, 'Ilay Scarlett'),
(272, 'Brenda'),
(273, 'Israel Alexander'),
(274, 'Diego Emiliano'),
(275, 'Diana'),
(276, 'Kevin Rodrigo'),
(277, 'Gabriel Axel'),
(278, 'Luis ?ngel'),
(279, 'Jennifer'),
(280, 'Rebeca Sarai'),
(281, 'Diana Beleiny'),
(282, 'Jose Manuel'),
(283, 'Itzel Yazmin'),
(284, 'Desire Estefania'),
(285, 'Zaret'),
(286, 'Ximena'),
(287, 'Elizabeth'),
(288, 'Zaira Desiree'),
(289, 'Brayan Joel'),
(290, 'Yunery Vianey'),
(291, 'Brandon Saul'),
(292, 'Luis Gerardo'),
(293, 'Jose Armando'),
(294, 'Paulina Erika'),
(295, 'Brandon Imanol'),
(296, 'Itzel Monserrat'),
(297, 'Geraldine'),
(298, 'Gloria'),
(299, 'Ariel Yarin'),
(300, 'Mildred Jazmin'),
(301, 'Lian Alexis'),
(302, 'Cristian Oziel'),
(303, 'Jenny Elizabeth'),
(304, 'Dulce Angeline');

-- --------------------------------------------------------

--
-- Estructura de tabla para la tabla `Movimiento`
--

CREATE TABLE `Movimiento` (
  `id_movimiento` int(11) NOT NULL,
  `id_partida` int(11) DEFAULT NULL,
  `turno` int(11) DEFAULT NULL,
  `color` enum('blancas','negras') DEFAULT NULL,
  `movimiento` varchar(10) DEFAULT NULL,
  `tiempo` time DEFAULT NULL,
  `comentario` varchar(255) DEFAULT NULL
) ENGINE=MyISAM DEFAULT CHARSET=latin1 COLLATE=latin1_swedish_ci;

-- --------------------------------------------------------

--
-- Estructura de tabla para la tabla `Participacion`
--

CREATE TABLE `Participacion` (
  `id_partida` int(11) NOT NULL,
  `id_jugador` int(11) NOT NULL,
  `color` enum('blancas','negras') DEFAULT NULL
) ENGINE=MyISAM DEFAULT CHARSET=latin1 COLLATE=latin1_swedish_ci;

--
-- Volcado de datos para la tabla `Participacion`
--

INSERT INTO `Participacion` (`id_partida`, `id_jugador`, `color`) VALUES
(1, 122, 'blancas'),
(1, 163, 'negras'),
(2, 155, 'blancas'),
(2, 75, 'negras'),
(3, 196, 'blancas'),
(3, 113, 'negras'),
(4, 127, 'blancas'),
(4, 162, 'negras'),
(5, 86, 'blancas'),
(5, 105, 'negras'),
(6, 100, 'blancas'),
(6, 76, 'negras'),
(7, 208, 'blancas'),
(7, 205, 'negras'),
(8, 219, 'blancas'),
(8, 103, 'negras'),
(9, 146, 'blancas'),
(9, 133, 'negras'),
(10, 147, 'blancas'),
(10, 71, 'negras'),
(11, 199, 'blancas'),
(11, 148, 'negras'),
(12, 88, 'blancas'),
(12, 112, 'negras'),
(13, 131, 'blancas'),
(13, 89, 'negras'),
(14, 133, 'blancas'),
(14, 212, 'negras'),
(15, 170, 'blancas'),
(15, 182, 'negras'),
(16, 145, 'blancas'),
(16, 101, 'negras'),
(17, 101, 'blancas'),
(17, 99, 'negras'),
(18, 149, 'blancas'),
(18, 215, 'negras'),
(19, 195, 'blancas'),
(19, 159, 'negras'),
(20, 117, 'blancas'),
(20, 150, 'negras'),
(21, 143, 'blancas'),
(21, 69, 'negras'),
(22, 129, 'blancas'),
(22, 89, 'negras'),
(23, 99, 'blancas'),
(23, 84, 'negras'),
(24, 116, 'blancas'),
(24, 80, 'negras'),
(25, 67, 'blancas'),
(25, 138, 'negras'),
(26, 101, 'blancas'),
(26, 130, 'negras'),
(27, 105, 'blancas'),
(27, 120, 'negras'),
(28, 117, 'blancas'),
(28, 83, 'negras'),
(29, 205, 'blancas'),
(29, 102, 'negras'),
(30, 93, 'blancas'),
(30, 111, 'negras'),
(31, 206, 'blancas'),
(31, 122, 'negras'),
(32, 197, 'blancas'),
(32, 162, 'negras'),
(33, 203, 'blancas'),
(33, 195, 'negras'),
(34, 89, 'blancas'),
(34, 88, 'negras'),
(35, 192, 'blancas'),
(35, 176, 'negras'),
(36, 67, 'blancas'),
(36, 77, 'negras'),
(37, 78, 'blancas'),
(37, 158, 'negras'),
(38, 82, 'blancas'),
(38, 157, 'negras'),
(39, 191, 'blancas'),
(39, 74, 'negras'),
(40, 88, 'blancas'),
(40, 98, 'negras'),
(41, 160, 'blancas'),
(41, 103, 'negras'),
(42, 101, 'blancas'),
(42, 166, 'negras'),
(43, 88, 'blancas'),
(43, 109, 'negras'),
(44, 91, 'blancas'),
(44, 67, 'negras'),
(45, 145, 'blancas'),
(45, 98, 'negras'),
(46, 219, 'blancas'),
(46, 214, 'negras'),
(47, 215, 'blancas'),
(47, 204, 'negras'),
(48, 123, 'blancas'),
(48, 210, 'negras'),
(49, 118, 'blancas'),
(49, 107, 'negras'),
(50, 169, 'blancas'),
(50, 99, 'negras'),
(51, 137, 'blancas'),
(51, 91, 'negras'),
(52, 65, 'blancas'),
(52, 131, 'negras'),
(53, 137, 'blancas'),
(53, 162, 'negras'),
(54, 92, 'blancas'),
(54, 112, 'negras'),
(55, 64, 'blancas'),
(55, 144, 'negras'),
(56, 122, 'blancas'),
(56, 108, 'negras'),
(57, 210, 'blancas'),
(57, 116, 'negras'),
(58, 204, 'blancas'),
(58, 142, 'negras'),
(59, 74, 'blancas'),
(59, 126, 'negras'),
(60, 85, 'blancas'),
(60, 202, 'negras'),
(61, 140, 'blancas'),
(61, 208, 'negras'),
(62, 77, 'blancas'),
(62, 169, 'negras'),
(63, 132, 'blancas'),
(63, 161, 'negras'),
(64, 197, 'blancas'),
(64, 199, 'negras'),
(65, 162, 'blancas'),
(65, 121, 'negras'),
(66, 93, 'blancas'),
(66, 107, 'negras'),
(67, 144, 'blancas'),
(67, 184, 'negras'),
(68, 145, 'blancas'),
(68, 137, 'negras'),
(69, 106, 'blancas'),
(69, 83, 'negras'),
(70, 110, 'blancas'),
(70, 167, 'negras'),
(71, 190, 'blancas'),
(71, 109, 'negras'),
(72, 106, 'blancas'),
(72, 153, 'negras'),
(73, 145, 'blancas'),
(73, 208, 'negras'),
(74, 139, 'blancas'),
(74, 217, 'negras'),
(75, 130, 'blancas'),
(75, 187, 'negras'),
(76, 96, 'blancas'),
(76, 82, 'negras'),
(77, 112, 'blancas'),
(77, 216, 'negras'),
(78, 116, 'blancas'),
(78, 120, 'negras'),
(79, 109, 'blancas'),
(79, 67, 'negras'),
(80, 79, 'blancas'),
(80, 203, 'negras'),
(81, 104, 'blancas'),
(81, 140, 'negras'),
(82, 87, 'blancas'),
(82, 64, 'negras'),
(83, 117, 'blancas'),
(83, 134, 'negras'),
(84, 132, 'blancas'),
(84, 187, 'negras'),
(85, 196, 'blancas'),
(85, 183, 'negras'),
(86, 119, 'blancas'),
(86, 70, 'negras'),
(87, 196, 'blancas'),
(87, 197, 'negras'),
(88, 71, 'blancas'),
(88, 129, 'negras'),
(89, 126, 'blancas'),
(89, 205, 'negras'),
(90, 207, 'blancas'),
(90, 88, 'negras'),
(91, 102, 'blancas'),
(91, 178, 'negras'),
(92, 209, 'blancas'),
(92, 94, 'negras'),
(93, 94, 'blancas'),
(93, 81, 'negras'),
(94, 129, 'blancas'),
(94, 196, 'negras'),
(95, 218, 'blancas'),
(95, 102, 'negras'),
(96, 118, 'blancas'),
(96, 135, 'negras'),
(97, 164, 'blancas'),
(97, 111, 'negras'),
(98, 67, 'blancas'),
(98, 201, 'negras'),
(99, 96, 'blancas'),
(99, 208, 'negras'),
(100, 69, 'blancas'),
(100, 189, 'negras');

-- --------------------------------------------------------

--
-- Estructura de tabla para la tabla `Partida`
--

CREATE TABLE `Partida` (
  `id_partida` int(11) NOT NULL,
  `evento` varchar(255) DEFAULT NULL,
  `sitio` varchar(255) DEFAULT NULL,
  `fecha` date DEFAULT NULL,
  `ronda` int(11) DEFAULT NULL,
  `resultado` varchar(7) DEFAULT NULL,
  `eco` varchar(10) DEFAULT NULL,
  `ply_count` int(11) DEFAULT NULL
) ENGINE=MyISAM DEFAULT CHARSET=latin1 COLLATE=latin1_swedish_ci;

--
-- Volcado de datos para la tabla `Partida`
--

INSERT INTO `Partida` (`id_partida`, `evento`, `sitio`, `fecha`, `ronda`, `resultado`, `eco`, `ply_count`) VALUES
(1, 'Copa de América', 'Sitio 345', '2024-06-26', 3, '0-1', 'ECO 283', 51),
(2, 'Copa de América', 'Sitio 259', '2023-12-17', 2, '0-1', 'ECO 120', 71),
(3, 'Torneo Interclubes', 'Sitio 720', '2023-11-09', 3, '1/2-1/2', 'ECO 439', 65),
(4, 'Copa Mundial de Ajedrez', 'Sitio 849', '2024-05-02', 5, '0-1', 'ECO 485', 41),
(5, 'Torneo Nacional Sub-18', 'Sitio 289', '2024-05-14', 1, '1-0', 'ECO 239', 78),
(6, 'Torneo Interclubes', 'Sitio 632', '2024-06-02', 7, '1/2-1/2', 'ECO 704', 54),
(7, 'Olimpiadas de Ajedrez', 'Sitio 497', '2023-10-21', 3, '0-1', 'ECO 129', 39),
(8, 'Olimpiadas de Ajedrez', 'Sitio 444', '2024-03-30', 2, '0-1', 'ECO 688', 50),
(9, 'Copa Mundial de Ajedrez', 'Sitio 254', '2024-02-25', 3, '0-1', 'ECO 227', 77),
(10, 'Torneo Interclubes', 'Sitio 614', '2024-06-23', 5, '1/2-1/2', 'ECO 406', 68),
(11, 'Campeonato Mexicano', 'Sitio 310', '2023-12-22', 9, '0-1', 'ECO 300', 99),
(12, 'Copa Mundial de Ajedrez', 'Sitio 127', '2023-10-14', 5, '0-1', 'ECO 399', 88),
(13, 'Torneo Internacional de Ajedrez', 'Sitio 839', '2023-10-08', 4, '1-0', 'ECO 839', 69),
(14, 'Torneo Internacional de Ajedrez', 'Sitio 468', '2024-07-02', 8, '0-1', 'ECO 654', 39),
(15, 'Campeonato Mexicano', 'Sitio 746', '2023-12-06', 8, '1/2-1/2', 'ECO 775', 68),
(16, 'Copa Mundial de Ajedrez', 'Sitio 339', '2024-08-22', 5, '1-0', 'ECO 893', 30),
(17, 'Torneo Internacional de Ajedrez', 'Sitio 393', '2024-01-17', 4, '0-1', 'ECO 101', 43),
(18, 'Torneo Interclubes', 'Sitio 154', '2023-10-26', 2, '1-0', 'ECO 571', 45),
(19, 'Torneo Nacional Sub-18', 'Sitio 900', '2024-03-07', 2, '1-0', 'ECO 623', 45),
(20, 'Torneo Internacional de Ajedrez', 'Sitio 983', '2024-03-20', 7, '1/2-1/2', 'ECO 615', 54),
(21, 'Copa de América', 'Sitio 151', '2024-07-11', 6, '0-1', 'ECO 257', 35),
(22, 'Copa de América', 'Sitio 772', '2024-04-19', 9, '0-1', 'ECO 868', 81),
(23, 'Copa de América', 'Sitio 668', '2024-09-22', 1, '0-1', 'ECO 131', 84),
(24, 'Copa de América', 'Sitio 585', '2024-03-07', 1, '1/2-1/2', 'ECO 358', 63),
(25, 'Torneo Nacional Sub-18', 'Sitio 572', '2024-02-03', 6, '1/2-1/2', 'ECO 885', 34),
(26, 'Torneo Nacional Sub-18', 'Sitio 739', '2024-03-22', 4, '0-1', 'ECO 465', 75),
(27, 'Copa de América', 'Sitio 323', '2024-09-09', 3, '0-1', 'ECO 339', 39),
(28, 'Copa de América', 'Sitio 410', '2023-12-26', 6, '1/2-1/2', 'ECO 628', 46),
(29, 'Copa Mundial de Ajedrez', 'Sitio 197', '2024-04-21', 6, '1/2-1/2', 'ECO 453', 71),
(30, 'Campeonato Mexicano', 'Sitio 297', '2024-02-08', 4, '1/2-1/2', 'ECO 788', 97),
(31, 'Copa Mundial de Ajedrez', 'Sitio 384', '2024-08-08', 6, '0-1', 'ECO 596', 77),
(32, 'Olimpiadas de Ajedrez', 'Sitio 713', '2023-11-06', 4, '1-0', 'ECO 787', 78),
(33, 'Torneo Interclubes', 'Sitio 336', '2024-09-19', 2, '0-1', 'ECO 781', 49),
(34, 'Copa de América', 'Sitio 258', '2023-11-30', 4, '0-1', 'ECO 611', 62),
(35, 'Torneo Nacional Sub-18', 'Sitio 560', '2024-02-14', 5, '0-1', 'ECO 842', 46),
(36, 'Torneo Nacional Sub-18', 'Sitio 198', '2023-11-25', 6, '1/2-1/2', 'ECO 779', 95),
(37, 'Copa Mundial de Ajedrez', 'Sitio 983', '2024-04-27', 2, '1/2-1/2', 'ECO 820', 58),
(38, 'Torneo Nacional Sub-18', 'Sitio 493', '2024-04-26', 7, '1-0', 'ECO 386', 69),
(39, 'Copa de América', 'Sitio 47', '2023-10-06', 8, '1-0', 'ECO 755', 97),
(40, 'Torneo Nacional Sub-18', 'Sitio 916', '2024-04-04', 7, '1-0', 'ECO 418', 76),
(41, 'Torneo Internacional de Ajedrez', 'Sitio 551', '2024-04-25', 5, '1-0', 'ECO 842', 82),
(42, 'Torneo Interclubes', 'Sitio 545', '2023-11-26', 6, '0-1', 'ECO 638', 90),
(43, 'Torneo Nacional Sub-18', 'Sitio 902', '2024-02-20', 4, '1/2-1/2', 'ECO 696', 88),
(44, 'Torneo Interclubes', 'Sitio 98', '2024-01-06', 4, '1/2-1/2', 'ECO 361', 68),
(45, 'Copa de América', 'Sitio 272', '2023-10-02', 2, '1/2-1/2', 'ECO 126', 59),
(46, 'Torneo Interclubes', 'Sitio 664', '2024-05-18', 8, '1-0', 'ECO 483', 82),
(47, 'Torneo Nacional Sub-18', 'Sitio 332', '2024-01-17', 5, '0-1', 'ECO 216', 35),
(48, 'Torneo Interclubes', 'Sitio 644', '2024-06-20', 5, '0-1', 'ECO 194', 35),
(49, 'Torneo Internacional de Ajedrez', 'Sitio 903', '2024-04-26', 5, '1/2-1/2', 'ECO 516', 76),
(50, 'Copa de América', 'Sitio 945', '2024-05-27', 9, '0-1', 'ECO 658', 32),
(51, 'Torneo Internacional de Ajedrez', 'Sitio 421', '2023-12-22', 6, '1/2-1/2', 'ECO 192', 42),
(52, 'Olimpiadas de Ajedrez', 'Sitio 264', '2024-02-13', 4, '1/2-1/2', 'ECO 630', 61),
(53, 'Copa Mundial de Ajedrez', 'Sitio 30', '2024-06-08', 5, '0-1', 'ECO 815', 34),
(54, 'Campeonato Mexicano', 'Sitio 22', '2024-07-27', 8, '0-1', 'ECO 509', 83),
(55, 'Copa Mundial de Ajedrez', 'Sitio 114', '2024-01-10', 3, '1-0', 'ECO 402', 40),
(56, 'Campeonato Mexicano', 'Sitio 690', '2024-03-10', 7, '1/2-1/2', 'ECO 621', 54),
(57, 'Copa de América', 'Sitio 35', '2024-01-15', 5, '1-0', 'ECO 360', 44),
(58, 'Torneo Internacional de Ajedrez', 'Sitio 811', '2023-12-19', 5, '1-0', 'ECO 865', 67),
(59, 'Copa de América', 'Sitio 345', '2024-05-23', 7, '1/2-1/2', 'ECO 309', 43),
(60, 'Copa Mundial de Ajedrez', 'Sitio 285', '2023-11-04', 7, '1/2-1/2', 'ECO 566', 80),
(61, 'Torneo Interclubes', 'Sitio 128', '2024-09-08', 9, '0-1', 'ECO 458', 93),
(62, 'Copa Mundial de Ajedrez', 'Sitio 162', '2024-06-19', 9, '1/2-1/2', 'ECO 353', 37),
(63, 'Campeonato Mexicano', 'Sitio 684', '2024-02-22', 9, '1-0', 'ECO 620', 91),
(64, 'Olimpiadas de Ajedrez', 'Sitio 634', '2023-12-13', 1, '1-0', 'ECO 322', 32),
(65, 'Torneo Nacional Sub-18', 'Sitio 619', '2024-09-10', 4, '1/2-1/2', 'ECO 503', 75),
(66, 'Copa de América', 'Sitio 847', '2023-10-22', 2, '1-0', 'ECO 747', 88),
(67, 'Copa de América', 'Sitio 243', '2023-10-15', 1, '0-1', 'ECO 535', 32),
(68, 'Olimpiadas de Ajedrez', 'Sitio 504', '2023-10-16', 3, '0-1', 'ECO 880', 41),
(69, 'Torneo Interclubes', 'Sitio 117', '2023-12-11', 7, '1-0', 'ECO 883', 91),
(70, 'Torneo Nacional Sub-18', 'Sitio 511', '2024-06-22', 8, '0-1', 'ECO 462', 35),
(71, 'Torneo Internacional de Ajedrez', 'Sitio 868', '2024-06-20', 8, '1-0', 'ECO 401', 59),
(72, 'Torneo Interclubes', 'Sitio 562', '2023-11-01', 9, '1/2-1/2', 'ECO 844', 63),
(73, 'Campeonato Mexicano', 'Sitio 717', '2024-01-27', 3, '1-0', 'ECO 177', 99),
(74, 'Campeonato Mexicano', 'Sitio 487', '2024-05-27', 3, '1-0', 'ECO 711', 91),
(75, 'Torneo Internacional de Ajedrez', 'Sitio 756', '2024-03-13', 5, '1/2-1/2', 'ECO 610', 80),
(76, 'Campeonato Mexicano', 'Sitio 158', '2023-12-12', 5, '1-0', 'ECO 104', 32),
(77, 'Copa Mundial de Ajedrez', 'Sitio 722', '2024-08-22', 4, '0-1', 'ECO 630', 74),
(78, 'Copa Mundial de Ajedrez', 'Sitio 94', '2023-11-20', 1, '0-1', 'ECO 845', 87),
(79, 'Torneo Nacional Sub-18', 'Sitio 240', '2024-08-02', 1, '1-0', 'ECO 664', 67),
(80, 'Olimpiadas de Ajedrez', 'Sitio 88', '2023-12-03', 8, '1/2-1/2', 'ECO 814', 82),
(81, 'Torneo Internacional de Ajedrez', 'Sitio 118', '2024-05-20', 5, '1-0', 'ECO 141', 55),
(82, 'Campeonato Mexicano', 'Sitio 296', '2024-04-23', 3, '1-0', 'ECO 236', 43),
(83, 'Olimpiadas de Ajedrez', 'Sitio 770', '2024-04-26', 8, '1/2-1/2', 'ECO 201', 88),
(84, 'Copa de América', 'Sitio 496', '2024-09-03', 9, '1-0', 'ECO 536', 99),
(85, 'Torneo Nacional Sub-18', 'Sitio 634', '2024-07-19', 1, '1/2-1/2', 'ECO 368', 91),
(86, 'Torneo Nacional Sub-18', 'Sitio 399', '2023-12-27', 6, '1/2-1/2', 'ECO 172', 36),
(87, 'Copa Mundial de Ajedrez', 'Sitio 695', '2023-11-12', 4, '1-0', 'ECO 392', 70),
(88, 'Copa de América', 'Sitio 357', '2024-06-07', 5, '0-1', 'ECO 579', 37),
(89, 'Copa de América', 'Sitio 406', '2023-12-17', 7, '1-0', 'ECO 254', 39),
(90, 'Torneo Internacional de Ajedrez', 'Sitio 189', '2024-03-04', 3, '1/2-1/2', 'ECO 301', 82),
(91, 'Torneo Interclubes', 'Sitio 611', '2024-08-08', 9, '1-0', 'ECO 616', 31),
(92, 'Copa Mundial de Ajedrez', 'Sitio 694', '2024-09-23', 1, '1-0', 'ECO 185', 60),
(93, 'Torneo Interclubes', 'Sitio 6', '2024-04-24', 2, '0-1', 'ECO 278', 62),
(94, 'Campeonato Mexicano', 'Sitio 2', '2023-10-17', 8, '1-0', 'ECO 885', 79),
(95, 'Olimpiadas de Ajedrez', 'Sitio 721', '2023-11-06', 4, '1-0', 'ECO 342', 50),
(96, 'Olimpiadas de Ajedrez', 'Sitio 886', '2023-12-24', 2, '0-1', 'ECO 678', 74),
(97, 'Torneo Interclubes', 'Sitio 68', '2024-05-23', 6, '1/2-1/2', 'ECO 599', 63),
(98, 'Olimpiadas de Ajedrez', 'Sitio 297', '2023-12-01', 3, '1/2-1/2', 'ECO 550', 42),
(99, 'Copa Mundial de Ajedrez', 'Sitio 538', '2024-09-16', 6, '1/2-1/2', 'ECO 326', 99),
(100, 'Torneo Internacional de Ajedrez', 'Sitio 597', '2024-02-11', 4, '1-0', 'ECO 282', 91);

--
-- Índices para tablas volcadas
--

--
-- Indices de la tabla `Jugador`
--
ALTER TABLE `Jugador`
  ADD PRIMARY KEY (`id_jugador`);

--
-- Indices de la tabla `Movimiento`
--
ALTER TABLE `Movimiento`
  ADD PRIMARY KEY (`id_movimiento`),
  ADD KEY `id_partida` (`id_partida`);

--
-- Indices de la tabla `Participacion`
--
ALTER TABLE `Participacion`
  ADD PRIMARY KEY (`id_partida`,`id_jugador`),
  ADD KEY `id_jugador` (`id_jugador`);

--
-- Indices de la tabla `Partida`
--
ALTER TABLE `Partida`
  ADD PRIMARY KEY (`id_partida`);

--
-- AUTO_INCREMENT de las tablas volcadas
--

--
-- AUTO_INCREMENT de la tabla `Jugador`
--
ALTER TABLE `Jugador`
  MODIFY `id_jugador` int(11) NOT NULL AUTO_INCREMENT, AUTO_INCREMENT=305;

--
-- AUTO_INCREMENT de la tabla `Movimiento`
--
ALTER TABLE `Movimiento`
  MODIFY `id_movimiento` int(11) NOT NULL AUTO_INCREMENT;

--
-- AUTO_INCREMENT de la tabla `Partida`
--
ALTER TABLE `Partida`
  MODIFY `id_partida` int(11) NOT NULL AUTO_INCREMENT, AUTO_INCREMENT=101;
COMMIT;

/*!40101 SET CHARACTER_SET_CLIENT=@OLD_CHARACTER_SET_CLIENT */;
/*!40101 SET CHARACTER_SET_RESULTS=@OLD_CHARACTER_SET_RESULTS */;
/*!40101 SET COLLATION_CONNECTION=@OLD_COLLATION_CONNECTION */;
